{"id":293,"date":"2022-04-07T16:10:37","date_gmt":"2022-04-07T14:10:37","guid":{"rendered":"https:\/\/www.ellasrl.com\/www\/?page_id=293"},"modified":"2022-04-07T17:28:10","modified_gmt":"2022-04-07T15:28:10","slug":"unser-unternehmen","status":"publish","type":"page","link":"https:\/\/www.ellasrl.com\/www\/de-home-page\/unser-unternehmen\/","title":{"rendered":"Unser Unternehmen"},"content":{"rendered":"\n<hr class=\"wp-block-separator is-style-wide\"\/>\n\n\n\n<div class=\"wp-block-columns is-layout-flex wp-container-core-columns-is-layout-9d6595d7 wp-block-columns-is-layout-flex\">\n<div class=\"wp-block-column is-layout-flow wp-block-column-is-layout-flow\" style=\"flex-basis:33.33%\">\n<figure class=\"wp-block-image size-full\"><img loading=\"lazy\" decoding=\"async\" width=\"1000\" height=\"800\" src=\"https:\/\/www.ellasrl.com\/www\/wp-content\/uploads\/2021\/08\/alberghi2.png\" alt=\"\" class=\"wp-image-123\" srcset=\"https:\/\/www.ellasrl.com\/www\/wp-content\/uploads\/2021\/08\/alberghi2.png 1000w, https:\/\/www.ellasrl.com\/www\/wp-content\/uploads\/2021\/08\/alberghi2-300x240.png 300w, https:\/\/www.ellasrl.com\/www\/wp-content\/uploads\/2021\/08\/alberghi2-768x614.png 768w\" sizes=\"auto, (max-width: 1000px) 100vw, 1000px\" \/><\/figure>\n<\/div>\n\n\n\n<div class=\"wp-block-column is-layout-flow wp-block-column-is-layout-flow\" style=\"flex-basis:66.66%\">\n<h2 class=\"wp-block-heading\">Wer ist <mark style=\"background-color:rgba(0, 0, 0, 0);color:#ad2229\" class=\"has-inline-color\">Ella Srl<\/mark><\/h2>\n\n\n\n<p>Ella Srl ist ein Bezugspunkt in der Welt der Innen- und Au\u00dfenm\u00f6bel.<\/p>\n\n\n\n<p>Die italienische Pr\u00e4senz in kontinuierlicher und j\u00fcngster Expansion kann auf ein spezialisiertes Personal mit \u00fcber 35 Jahren Erfahrung in der Herstellung von Vorh\u00e4ngen, Stoffen und Innenaccessoires f\u00fcr Hotels und Dritte z\u00e4hlen.<\/p>\n\n\n\n<p>Das Unternehmen besch\u00e4ftigt sich auch mit dem Import-Export von M\u00f6belprodukten Made in Italy, mit denen es dazu beitr\u00e4gt, das Prestige italienischer Produkte auf der ganzen Welt auszubauen.<\/p>\n<\/div>\n<\/div>\n\n\n\n<hr class=\"wp-block-separator is-style-wide\"\/>\n\n\n\n<h2 class=\"wp-block-heading\"><mark style=\"background-color:rgba(0, 0, 0, 0);color:#ae232a\" class=\"has-inline-color\">Ella<\/mark> Decors<\/h2>\n\n\n\n<p>Die internationale Pr\u00e4senz von Ella Srl wird durch ein physisches Gesch\u00e4ft in einem der wichtigsten Handelszentren der vietnamesischen Hauptstadt verst\u00e4rkt.<br>Unser Showroom wurde 2020 eingeweiht und ist ein Bezugspunkt f\u00fcr unsere Kunden auf der Suche nach den besten italienischen Marken, von denen wir in fast ganz S\u00fcdostasien exklusiver H\u00e4ndler sind.<\/p>\n\n\n\n<div class=\"wp-block-group\"><div class=\"wp-block-group__inner-container is-layout-flow wp-block-group-is-layout-flow\">\n<div class=\"wp-block-columns is-layout-flex wp-container-core-columns-is-layout-9d6595d7 wp-block-columns-is-layout-flex\">\n<div class=\"wp-block-column is-layout-flow wp-block-column-is-layout-flow\" style=\"flex-basis:100%\">\n<div class=\"wp-block-group\"><div class=\"wp-block-group__inner-container is-layout-flow wp-block-group-is-layout-flow\">\n<div class=\"wp-block-columns is-layout-flex wp-container-core-columns-is-layout-9d6595d7 wp-block-columns-is-layout-flex\">\n<div class=\"wp-block-column is-layout-flow wp-block-column-is-layout-flow\">\n<figure class=\"wp-block-image size-full\"><img loading=\"lazy\" decoding=\"async\" width=\"60\" height=\"60\" src=\"https:\/\/www.ellasrl.com\/www\/wp-content\/uploads\/2021\/09\/IL-FANALE.jpg\" alt=\"\" class=\"wp-image-219\"\/><\/figure>\n<\/div>\n\n\n\n<div class=\"wp-block-column is-layout-flow wp-block-column-is-layout-flow\">\n<figure class=\"wp-block-image size-full\"><img loading=\"lazy\" decoding=\"async\" width=\"60\" height=\"60\" src=\"https:\/\/www.ellasrl.com\/www\/wp-content\/uploads\/2021\/09\/JULIA.jpg\" alt=\"\" class=\"wp-image-221\"\/><\/figure>\n<\/div>\n\n\n\n<div class=\"wp-block-column is-layout-flow wp-block-column-is-layout-flow\">\n<figure class=\"wp-block-image size-full\"><img loading=\"lazy\" decoding=\"async\" width=\"60\" height=\"60\" src=\"https:\/\/www.ellasrl.com\/www\/wp-content\/uploads\/2021\/09\/LAM.jpg\" alt=\"\" class=\"wp-image-222\"\/><\/figure>\n<\/div>\n\n\n\n<div class=\"wp-block-column is-layout-flow wp-block-column-is-layout-flow\">\n<figure class=\"wp-block-image size-full\"><img loading=\"lazy\" decoding=\"async\" width=\"60\" height=\"60\" src=\"https:\/\/www.ellasrl.com\/www\/wp-content\/uploads\/2021\/09\/MAX-HOME.jpg\" alt=\"\" class=\"wp-image-223\"\/><\/figure>\n<\/div>\n\n\n\n<div class=\"wp-block-column is-layout-flow wp-block-column-is-layout-flow\">\n<figure class=\"wp-block-image size-full\"><img loading=\"lazy\" decoding=\"async\" width=\"60\" height=\"60\" src=\"https:\/\/www.ellasrl.com\/www\/wp-content\/uploads\/2021\/09\/GOBBO-SALOTTI.jpg\" alt=\"\" class=\"wp-image-218\"\/><\/figure>\n<\/div>\n\n\n\n<div class=\"wp-block-column is-layout-flow wp-block-column-is-layout-flow\">\n<figure class=\"wp-block-image size-full\"><img loading=\"lazy\" decoding=\"async\" width=\"60\" height=\"60\" src=\"https:\/\/www.ellasrl.com\/www\/wp-content\/uploads\/2021\/09\/CAESAR-CRYSTAL.jpg\" alt=\"\" class=\"wp-image-216\"\/><\/figure>\n<\/div>\n\n\n\n<div class=\"wp-block-column is-layout-flow wp-block-column-is-layout-flow\">\n<figure class=\"wp-block-image size-full\"><img loading=\"lazy\" decoding=\"async\" width=\"60\" height=\"60\" src=\"https:\/\/www.ellasrl.com\/www\/wp-content\/uploads\/2021\/09\/ROSINI.jpg\" alt=\"\" class=\"wp-image-225\"\/><\/figure>\n<\/div>\n\n\n\n<div class=\"wp-block-column is-layout-flow wp-block-column-is-layout-flow\">\n<figure class=\"wp-block-image size-full\"><img loading=\"lazy\" decoding=\"async\" width=\"60\" height=\"60\" src=\"https:\/\/www.ellasrl.com\/www\/wp-content\/uploads\/2021\/09\/CASA-VALENTINA.jpg\" alt=\"\" class=\"wp-image-217\"\/><\/figure>\n<\/div>\n\n\n\n<div class=\"wp-block-column is-layout-flow wp-block-column-is-layout-flow\">\n<figure class=\"wp-block-image size-full\"><img loading=\"lazy\" decoding=\"async\" width=\"60\" height=\"60\" src=\"https:\/\/www.ellasrl.com\/www\/wp-content\/uploads\/2021\/09\/INNOVA.jpg\" alt=\"\" class=\"wp-image-220\"\/><\/figure>\n<\/div>\n\n\n\n<div class=\"wp-block-column is-layout-flow wp-block-column-is-layout-flow\">\n<figure class=\"wp-block-image size-full\"><img loading=\"lazy\" decoding=\"async\" width=\"60\" height=\"60\" src=\"https:\/\/www.ellasrl.com\/www\/wp-content\/uploads\/2021\/09\/MYYOUR.jpg\" alt=\"\" class=\"wp-image-224\"\/><\/figure>\n<\/div>\n<\/div>\n<\/div><\/div>\n<\/div>\n<\/div>\n<\/div><\/div>\n\n\n\n<figure class=\"wp-block-gallery has-nested-images columns-default is-cropped wp-block-gallery-1 is-layout-flex wp-block-gallery-is-layout-flex\">\n<figure class=\"wp-block-image size-large\"><img loading=\"lazy\" decoding=\"async\" width=\"1024\" height=\"768\" data-id=\"180\" src=\"https:\/\/www.ellasrl.com\/www\/wp-content\/uploads\/2021\/09\/WhatsApp-Image-2021-09-10-at-15.53.40-5-1024x768.jpeg\" alt=\"\" class=\"wp-image-180\" srcset=\"https:\/\/www.ellasrl.com\/www\/wp-content\/uploads\/2021\/09\/WhatsApp-Image-2021-09-10-at-15.53.40-5-1024x768.jpeg 1024w, https:\/\/www.ellasrl.com\/www\/wp-content\/uploads\/2021\/09\/WhatsApp-Image-2021-09-10-at-15.53.40-5-300x225.jpeg 300w, https:\/\/www.ellasrl.com\/www\/wp-content\/uploads\/2021\/09\/WhatsApp-Image-2021-09-10-at-15.53.40-5-768x576.jpeg 768w, https:\/\/www.ellasrl.com\/www\/wp-content\/uploads\/2021\/09\/WhatsApp-Image-2021-09-10-at-15.53.40-5-1536x1152.jpeg 1536w, https:\/\/www.ellasrl.com\/www\/wp-content\/uploads\/2021\/09\/WhatsApp-Image-2021-09-10-at-15.53.40-5.jpeg 1600w\" sizes=\"auto, (max-width: 1024px) 100vw, 1024px\" \/><\/figure>\n\n\n\n<figure class=\"wp-block-image size-large\"><img loading=\"lazy\" decoding=\"async\" width=\"1024\" height=\"768\" data-id=\"184\" src=\"https:\/\/www.ellasrl.com\/www\/wp-content\/uploads\/2021\/09\/WhatsApp-Image-2021-09-10-at-15.54.09-2-1024x768.jpeg\" alt=\"\" class=\"wp-image-184\" srcset=\"https:\/\/www.ellasrl.com\/www\/wp-content\/uploads\/2021\/09\/WhatsApp-Image-2021-09-10-at-15.54.09-2-1024x768.jpeg 1024w, https:\/\/www.ellasrl.com\/www\/wp-content\/uploads\/2021\/09\/WhatsApp-Image-2021-09-10-at-15.54.09-2-300x225.jpeg 300w, https:\/\/www.ellasrl.com\/www\/wp-content\/uploads\/2021\/09\/WhatsApp-Image-2021-09-10-at-15.54.09-2-768x576.jpeg 768w, https:\/\/www.ellasrl.com\/www\/wp-content\/uploads\/2021\/09\/WhatsApp-Image-2021-09-10-at-15.54.09-2-1536x1152.jpeg 1536w, https:\/\/www.ellasrl.com\/www\/wp-content\/uploads\/2021\/09\/WhatsApp-Image-2021-09-10-at-15.54.09-2.jpeg 1600w\" sizes=\"auto, (max-width: 1024px) 100vw, 1024px\" \/><\/figure>\n<\/figure>\n","protected":false},"excerpt":{"rendered":"<p>Wer ist Ella Srl Ella Srl ist ein Bezugspunkt in der Welt der Innen- und Au\u00dfenm\u00f6bel. Die italienische Pr\u00e4senz in kontinuierlicher und j\u00fcngster Expansion kann auf ein spezialisiertes Personal mit \u00fcber 35 Jahren Erfahrung in der Herstellung von Vorh\u00e4ngen, Stoffen und Innenaccessoires f\u00fcr Hotels und Dritte z\u00e4hlen. Das Unternehmen besch\u00e4ftigt [&hellip;]<\/p>\n","protected":false},"author":1,"featured_media":0,"parent":66,"menu_order":31,"comment_status":"closed","ping_status":"closed","template":"page-templates\/template-fullwidth.php","meta":{"footnotes":""},"class_list":["post-293","page","type-page","status-publish","hentry"],"_links":{"self":[{"href":"https:\/\/www.ellasrl.com\/www\/wp-json\/wp\/v2\/pages\/293","targetHints":{"allow":["GET"]}}],"collection":[{"href":"https:\/\/www.ellasrl.com\/www\/wp-json\/wp\/v2\/pages"}],"about":[{"href":"https:\/\/www.ellasrl.com\/www\/wp-json\/wp\/v2\/types\/page"}],"author":[{"embeddable":true,"href":"https:\/\/www.ellasrl.com\/www\/wp-json\/wp\/v2\/users\/1"}],"replies":[{"embeddable":true,"href":"https:\/\/www.ellasrl.com\/www\/wp-json\/wp\/v2\/comments?post=293"}],"version-history":[{"count":3,"href":"https:\/\/www.ellasrl.com\/www\/wp-json\/wp\/v2\/pages\/293\/revisions"}],"predecessor-version":[{"id":321,"href":"https:\/\/www.ellasrl.com\/www\/wp-json\/wp\/v2\/pages\/293\/revisions\/321"}],"up":[{"embeddable":true,"href":"https:\/\/www.ellasrl.com\/www\/wp-json\/wp\/v2\/pages\/66"}],"wp:attachment":[{"href":"https:\/\/www.ellasrl.com\/www\/wp-json\/wp\/v2\/media?parent=293"}],"curies":[{"name":"wp","href":"https:\/\/api.w.org\/{rel}","templated":true}]}}